{"id":10891,"date":"2018-04-07T09:38:24","date_gmt":"2018-04-07T14:38:24","guid":{"rendered":"http:\/\/www.plurinominal.com.mx\/wp-content\/uploads\/Jorge-Sanchez-2.jpg"},"modified":"2018-04-07T09:38:45","modified_gmt":"2018-04-07T14:38:45","slug":"jorge-sanchez-2","status":"inherit","type":"attachment","link":"https:\/\/www.plurinominal.com.mx\/?attachment_id=10891","title":{"rendered":"Jorge Sanchez (2)"},"author":1,"featured_media":0,"comment_status":"closed","ping_status":"closed","template":"","meta":[],"class_list":["post-10891","attachment","type-attachment","status-inherit","hentry","entry","simple"],"description":{"rendered":"<p class=\"attachment\"><a href='https:\/\/www.plurinominal.com.mx\/wp-content\/uploads\/Jorge-Sanchez-2.jpg'><img loading=\"lazy\" decoding=\"async\" width=\"238\" height=\"300\" src=\"https:\/\/www.plurinominal.com.mx\/wp-content\/uploads\/Jorge-Sanchez-2-238x300.jpg\" class=\"attachment-medium size-medium\" alt=\"\" srcset=\"https:\/\/www.plurinominal.com.mx\/wp-content\/uploads\/Jorge-Sanchez-2-238x300.jpg 238w, https:\/\/www.plurinominal.com.mx\/wp-content\/uploads\/Jorge-Sanchez-2.jpg 283w\" sizes=\"auto, (max-width: 238px) 100vw, 238px\" \/><\/a><\/p>\n"},"caption":{"rendered":"<p>\u00abNos retiramos como la \u00fanica empresa que estar\u00e1 regresando sus inversiones, y ya no ser\u00e1 a trav\u00e9s de Bitcoin, para su tranquilidad, sino que ser\u00e1 a trav\u00e9s de un despacho legal\u00bb. Jorge S\u00e1nchez.<\/p>\n"},"alt_text":"","media_type":"image","mime_type":"image\/jpeg","media_details":{"width":283,"height":357,"file":"Jorge-Sanchez-2.jpg","sizes":{"thumbnail":{"file":"Jorge-Sanchez-2-150x150.jpg","width":150,"height":150,"mime_type":"image\/jpeg","source_url":"https:\/\/www.plurinominal.com.mx\/wp-content\/uploads\/Jorge-Sanchez-2-150x150.jpg"},"medium":{"file":"Jorge-Sanchez-2-238x300.jpg","width":238,"height":300,"mime_type":"image\/jpeg","source_url":"https:\/\/www.plurinominal.com.mx\/wp-content\/uploads\/Jorge-Sanchez-2-238x300.jpg"},"full":{"file":"Jorge-Sanchez-2.jpg","width":283,"height":357,"mime_type":"image\/jpeg","source_url":"https:\/\/www.plurinominal.com.mx\/wp-content\/uploads\/Jorge-Sanchez-2.jpg"}},"image_meta":{"aperture":"0","credit":"","camera":"","caption":"","created_timestamp":"0","copyright":"","focal_length":"0","iso":"0","shutter_speed":"0","title":"","orientation":"1","keywords":[]}},"post":10888,"source_url":"https:\/\/www.plurinominal.com.mx\/wp-content\/uploads\/Jorge-Sanchez-2.jpg","_links":{"self":[{"href":"https:\/\/www.plurinominal.com.mx\/index.php?rest_route=\/wp\/v2\/media\/10891","targetHints":{"allow":["GET"]}}],"collection":[{"href":"https:\/\/www.plurinominal.com.mx\/index.php?rest_route=\/wp\/v2\/media"}],"about":[{"href":"https:\/\/www.plurinominal.com.mx\/index.php?rest_route=\/wp\/v2\/types\/attachment"}],"author":[{"embeddable":true,"href":"https:\/\/www.plurinominal.com.mx\/index.php?rest_route=\/wp\/v2\/users\/1"}],"replies":[{"embeddable":true,"href":"https:\/\/www.plurinominal.com.mx\/index.php?rest_route=%2Fwp%2Fv2%2Fcomments&post=10891"}],"wp:attached-to":[{"embeddable":true,"post_type":"post","id":10888,"href":"https:\/\/www.plurinominal.com.mx\/index.php?rest_route=\/wp\/v2\/posts\/10888"}],"curies":[{"name":"wp","href":"https:\/\/api.w.org\/{rel}","templated":true}]}}

<p>«Nos retiramos como la única empresa que estará regresando sus inversiones, y ya no será a través de Bitcoin, para su tranquilidad, sino que será a través de un despacho legal». Jorge Sánchez.</p>
