{"id":9950,"date":"2017-01-24T12:45:16","date_gmt":"2017-01-24T18:45:16","guid":{"rendered":"http:\/\/www.plurinominal.com.mx\/wp-content\/uploads\/angel-guerrero-martinez.jpg"},"modified":"2017-01-24T12:47:24","modified_gmt":"2017-01-24T18:47:24","slug":"angel-guerrero-martinez","status":"inherit","type":"attachment","link":"https:\/\/www.plurinominal.com.mx\/?attachment_id=9950","title":{"rendered":"angel guerrero martinez"},"author":1,"featured_media":0,"comment_status":"closed","ping_status":"closed","template":"","meta":[],"class_list":["post-9950","attachment","type-attachment","status-inherit","hentry","entry","simple"],"description":{"rendered":"<p class=\"attachment\"><a href='https:\/\/www.plurinominal.com.mx\/wp-content\/uploads\/angel-guerrero-martinez.jpg'><img loading=\"lazy\" decoding=\"async\" width=\"142\" height=\"127\" src=\"https:\/\/www.plurinominal.com.mx\/wp-content\/uploads\/angel-guerrero-martinez.jpg\" class=\"attachment-medium size-medium\" alt=\"\" \/><\/a><\/p>\n"},"caption":{"rendered":"<p>El Profesor \u00c1ngel Guerrero Mart\u00ednez, Director de la Secundaria T\u00e9cnica 27.<\/p>\n"},"alt_text":"","media_type":"image","mime_type":"image\/jpeg","media_details":{"width":142,"height":127,"file":"angel-guerrero-martinez.jpg","sizes":{},"image_meta":{"aperture":"0","credit":"","camera":"","caption":"","created_timestamp":"0","copyright":"","focal_length":"0","iso":"0","shutter_speed":"0","title":"","orientation":"1","keywords":[]}},"post":9949,"source_url":"https:\/\/www.plurinominal.com.mx\/wp-content\/uploads\/angel-guerrero-martinez.jpg","_links":{"self":[{"href":"https:\/\/www.plurinominal.com.mx\/index.php?rest_route=\/wp\/v2\/media\/9950","targetHints":{"allow":["GET"]}}],"collection":[{"href":"https:\/\/www.plurinominal.com.mx\/index.php?rest_route=\/wp\/v2\/media"}],"about":[{"href":"https:\/\/www.plurinominal.com.mx\/index.php?rest_route=\/wp\/v2\/types\/attachment"}],"author":[{"embeddable":true,"href":"https:\/\/www.plurinominal.com.mx\/index.php?rest_route=\/wp\/v2\/users\/1"}],"replies":[{"embeddable":true,"href":"https:\/\/www.plurinominal.com.mx\/index.php?rest_route=%2Fwp%2Fv2%2Fcomments&post=9950"}],"wp:attached-to":[{"embeddable":true,"post_type":"post","id":9949,"href":"https:\/\/www.plurinominal.com.mx\/index.php?rest_route=\/wp\/v2\/posts\/9949"}],"curies":[{"name":"wp","href":"https:\/\/api.w.org\/{rel}","templated":true}]}}

<p>El Profesor Ángel Guerrero Martínez, Director de la Secundaria Técnica 27.</p>
